inder when 762 is divided by w(3)?
12
Suppose 720 = 5*r - 5*k, -17*r - 3*k + 720 = -12*r. Calculate the remainder when r is divided by 29.
28
Let t(u) = -3*u**3 + 2*u + 1. Let s be t(-1). Suppose 2*w = 4*f - w - 41, 2 = f + s*w. Calculate the remainder when (-3 - -5)*(12 + -1) is divided by f.
6
Suppose 44 = 4*c - 4*z, -166 = c + 2*z - 168. Suppose 11 - 26 = -3*u. What is the remainder when c is divided by u?
3
Let p be 5/3*42/35. Suppose 0 = -z - k + 9, -k - 4*k = 0. Suppose -p*i + z = -11. Calculate the remainder when 19 is divided by i.
9
What is the remainder when 5/(260/(-8)) - 2760/(-26) is divided by 12?
10
Let l(z) = -z**2 - 7*z - 2. Let d be l(-4). What is the remainder when d/(-50) + (-176)/(-5) is divided by 8?
3
Let f(k) = k**2 + 8*k + 88. Calculate the remainder when 357 is divided by f(-8).
5
Suppose -4*f = -3*o - 177, 2*o + 48 = 13*f - 12*f. What is the remainder when 183 is divided by f?
15
Let h be (1 - 5) + 708/12. Suppose -h = -6*f + 23. What is the remainder when f is divided by 7?
6
Let f(c) = 5*c**2 + c + 3. Let r(t) = -t. Let y(u) = f(u) - 2*r(u). What is the remainder when 49 is divided by y(-2)?
15
Suppose -6*b - 4*g - 17 = -7*b, 0 = 5*b + 4*g - 61. Let y = 18 - -28. Calculate the remainder when y is divided by b.
7
Suppose 2*u - 3*z + 17 = 0, u = -0*z + z - 11. Suppose 16*s = -4*s + 340. Let n = s + u. Calculate the remainder when 1 is divided by n.
0
Suppose -1 + 7 = 3*a. Suppose a*j - 50 - 4 = 0. Suppose 3*z = -4*i + 49, -i + 5*i - 5*z = 25. What is the remainder when j is divided by i?
7
Suppose 0 = 4*b + 3 + 17, -4 = 4*t + 4*b. Let c = -10 + 14. Let k = -2 + c. Calculate the remainder when t is divided by k.
0
Let r(v) = -3*v - 39. Let q be r(-13). What is the remainder when 7 is divided by (1 - (q + 3))*(-6)/4?
1
Suppose p - 6*p = -735. Let b = p - 88. Let h(f) = f**3 + 15*f**2 - 30*f + 83. Calculate the remainder when b is divided by h(-17).
14
Suppose 5*l - 30 = -l. Suppose 0 = -l*k - k + 42. What is the remainder when 23 is divided by k?
2
Let z(p) = 5*p**2 + 5*p - 21. What is the remainder when z(4) is divided by 16?
15
Suppose 7*o - 232 = -o. Let n = o + -19. Calculate the remainder when 29 is divided by n.
9
Let t(d) = d**3 + 8*d**2 + 9*d + 2. What is the remainder when (1 - -31) + 3 + 2 is divided by t(-6)?
17
Let t = -24 - -37. Let s = -974 + 1008. Calculate the remainder when s is divided by t.
8
Let a(j) = -j**3 + 6*j**2 - 4*j - 4. Let y = 38 + -16. Calculate the remainder when y is divided by a(4).
10
Suppose -3*c = -0*c + 57. Let y be -1 + c - (14 + -12). Let g = y - -36. Calculate the remainder when 25 is divided by g.
11
Let p(t) = t**2 - 7*t - 17. What is the remainder when p(14) is divided by ((-6)/4)/((-6)/112)?
25
Suppose -8*g = j - 9*g - 22, 96 = 3*j + 3*g. What is the remainder when 321 is divided by j?
24
Let p be (10/(-8) - 0)*(3 - 7). Suppose -86 = -2*q + 5*h, p*q = 7*q - 2*h - 92. Calculate the remainder when q is divided by 9.
3
Calculate the remainder when 157 is divided by (192/10)/((-322)/70 - -5).
13
Suppose -23*m + 8*m + 420 = 0. Let a(s) = -s**3 + 10*s**2 - 8*s + 7. What is the remainder when m is divided by a(9)?
12
Let t be -1 + (-2)/(-4)*4. Calculate the remainder when (-6 - -7) + (t - -90) is divided by 19.
16
Let n = 50 + -23. Suppose 0 = 5*u + 4*v - n, -3*u + v - 5*v + 21 = 0. Let i(q) = -q**3 + 4*q**2 - 2. Calculate the remainder when i(u) is divided by 4.
3
Let r(x) = x**2 - 8*x + 2. Let l be r(9). Let n = l - 13. What is the remainder when 9 is divided by -2*(0/(-1) + n)?
1
Suppose 28*x - 820 - 412 = 0. Calculate the remainder when x is divided by 28.
16
Let j(a) = -a**3 + 3*a**2 + a + 24. Let w(y) = -5*y**3 + 11*y**2 + 5*y + 97. Let s(i) = -9*j(i) + 2*w(i). What is the remainder when s(-6) is divided by 5?
3
Let n = 51 - 33. What is the remainder when 159 is divided by n?
15
Suppose 2*f + 20*n - 16*n - 16 = 0, -15 = -f + 5*n. Suppose 62 - 4 = 2*p. What is the remainder when p is divided by f?
9
Let c = -32 - -34. Suppose c*j - 54 - 44 = 0. Calculate the remainder when j is divided by 26.
23
Let w = -162 + 188. Calculate the remainder when 74 is divided by w.
22
Let o(q) be the third derivative of q**5/30 + 7*q**4/24 - q**3/6 - q**2. Let m be o(-5). Let r = m - -34. Calculate the remainder when r is divided by 13.
9
Let h = 157 - 15. What is the remainder when h is divided by (98/(-6))/(5/(-15))?
44
Suppose 142 - 117 = 5*r. Suppose -37 = -2*m + l, -3*l = 3*m - 66 - 12. Calculate the remainder when m is divided by r.
1
Suppose -f + 24 = f. Suppose 4*v = 3*d + d + 200, 9 = -3*d. What is the remainder when v is divided by f?
11
Let z = -7 + 9. Suppose -6*m + 13 - 1 = 0. Calculate the remainder when m is divided by z.
0
Let d(c) = 21*c**2. Suppose -4*o = 39 + 25. Calculate the remainder when d(1) is divided by -4 + (-3 - (o - -1)).
5
Suppose 143 = 4*o - 45. Suppose -4071 = -25*s - 3446. Calculate the remainder when o is divided by s.
22
Suppose -2*u = -4*l + 566, 353*u - 355*u = -5*l + 707. What is the remainder when l is divided by 63?
15
Suppose 3*l = -l + 2*g - 42, -5*g = -25. Let y = l + 11. Suppose 3*b + 2*a - 438 = y*a, 3*a = 4*b - 584. What is the remainder when b is divided by 37?
35
Suppose -76 = -5*q + q. Suppose 44*s + 265 = 49*s. What is the remainder when s is divided by q?
15
Let h(l) be the second derivative of 0 + 1/6*l**4 - 5/2*l**2 - 7/6*l**3 + 6*l. Calculate the remainder when h(-4) is divided by 19.
17
Suppose -4*y = -5*r - 659, 5*y + 5*r - 157 = 723. What is the remainder when y is divided by 43?
42
Let v be (8 + 4)/(-3)*-1. Suppose 0 = -3*c + 2*j + 8 + 5, 16 = v*j. What is the remainder when 27 is divided by c?
6
Let d(p) be the first derivative of 3*p**2 - 6*p - 4. Suppose b + 5*m - 23 = 0, 0*b - b - m = -11. What is the remainder when d(6) is divided by b?
6
Suppose z + 7 = 3*y, 2*z - 4*z - 2*y + 10 = 0. What is the remainder when -2 - ((-4)/10)/(z/40) is divided by 4?
2
Let s(b) = b**3 + 19*b**2 + 18*b + 3. Let m be s(-18). Suppose -6 + 0 = -m*h, -h + 18 = f. Calculate the remainder when f is divided by 10.
6
Suppose 50*d - 273 - 427 = 0. Calculate the remainder when 92 is divided by d.
8
Suppose -2*r = 5*i - 0 + 5, 5*i = -5. Suppose 3*q + 2*z - 15 = 0, 0 = 4*q + z - 2 - 13. What is the remainder when (q - (r + 3)) + 17 is divided by 10?
7
Suppose -i + s = 8, -3*i + s = 6*s + 8. Let y be 108/(-24)*(i - 0). Let q = y - 5. What is the remainder when 85 is divided by q?
19
Suppose -7*a = 5*y - 2*a - 1755, 5*a - 1051 = -3*y. What is the remainder when y is divided by 59?
57
Suppose -95 - 1 = -v. Suppose 0 = -0*n - 4*n - v. What is the remainder when 47 is divided by (-10)/(-4)*n/(-5)?
11
Let y(q) = -4*q**2 + 84*q + 23. What is the remainder when 225 is divided by y(21)?
18
Let v(h) = 4*h**2 - 15*h - 54. What is the remainder when 96 is divided by v(-3)?
15
Suppose -14*j + 160 = -10*j. Calculate the remainder when j is divided by 7.
5
Let u = 1 - -19. Suppose 2*c = -3*z + 1, 4*c - 20 = 4*z + 12. Suppose 3*k - 4*n - 102 = -u, -4*k + c*n + 109 = 0. What is the remainder when k is divided by 14?
12
Let l be (6 - 3)/(1/(-127)). Let m be (-1)/3 + l/(-9). Suppose -s + m = 2*s. What is the remainder when 40 is divided by s?
12
Let b = 13 - 8. Suppose b*v + 49 = -71. Let c = v - -44. Calculate the remainder when c is divided by 7.
6
Let k(m) = m**2 + 14*m + 40. Let n be k(-12). What is the remainder when 12 is divided by (-3)/12 + 4/(n/17)?
0
Let s(l) = -l**2 - 9*l - 8. Suppose 3*v + 2*q + 6 = 2*v, -3*q = -v - 11. What is the remainder when s(-6) is divided by (-2)/8 + (-26)/v?
1
Let l be -5*(2 + -5 + 2). Suppose l*v - v = 252. What is the remainder when v is divided by 22?
19
Suppose 15*q - 12*q - 189 = 0. What is the remainder when q is divided by (88/14)/(12/42 - 0)?
19
Calculate the remainder when 675 is divided by (-1)/8 + 2/(80/1605).
35
Let n = 2725 - 2646. What is the remainder when 1420 is divided by n?
77
Suppose -42 = -7*h - 7. Suppose 5*z - 95 = -5*p, -5*p - z = -h*z - 140. Calculate the remainder when p is divided by 10.
4
Calculate the remainder when 6/18 - (-548)/3 is divided by 171.
12
Suppose -24 = -2*j + 168. Suppose -5*m + j + 44 = 0. Suppose 0*b - 102 = -4*b + 2*z, -b = 2*z - m. What is the remainder when b is divided by 7?
5
Let r = -10 - -